 1421.
7, 29
What are the prime factors of 50509?
53, 953
List the prime factors of 9044.
2, 7, 17, 19
What are the prime factors of 454?
2, 227
List the prime factors of 363.
3, 11
List the prime factors of 804.
2, 3, 67
What are the prime factors of 5236?
2, 7, 11, 17
What are the prime factors of 544?
2, 17
What are the prime factors of 1133?
11, 103
List the prime factors of 7033.
13, 541
List the prime factors of 3554.
2, 1777
List the prime factors of 88356.
2, 3, 37, 199
List the prime factors of 1525.
5, 61
What are the prime factors of 63555?
3, 5, 19, 223
List the prime factors of 1630.
2, 5, 163
What are the prime factors of 2957?
2957
What are the prime factors of 22150?
2, 5, 443
List the prime factors of 19867.
19867
List the prime factors of 2089.
2089
List the prime factors of 918.
2, 3, 17
List the prime factors of 1451.
1451
What are the prime factors of 14793?
3, 4931
List the prime factors of 118.
2, 59
What are the prime factors of 38?
2, 19
List the prime factors of 2898.
2, 3, 7, 23
What are the prime factors of 22978?
2, 11489
List the prime factors of 25.
5
What are the prime factors of 3839?
11, 349
What are the prime factors of 15883?
7, 2269
List the prime factors of 39378.
2, 3, 6563
What are the prime factors of 5184?
2, 3
List the prime factors of 37.
37
What are the prime factors of 32021?
11, 41, 71
What are the prime factors of 53364?
2, 3, 4447
List the prime factors of 1262.
2, 631
List the prime factors of 1683.
3, 11, 17
What are the prime factors of 25946?
2, 12973
What are the prime factors of 46407?
3, 31, 499
What are the prime factors of 3115?
5, 7, 89
List the prime factors of 1570.
2, 5, 157
List the prime factors of 9571.
17, 563
List the prime factors of 14329.
7, 23, 89
What are the prime factors of 16733?
29, 577
What are the prime factors of 22599?
3, 31
List the prime factors of 2031.
3, 677
List the prime factors of 22858.
2, 11, 1039
List the prime factors of 69392.
2, 4337
What are the prime factors of 52900?
2, 5, 23
List the prime factors of 632.
2, 79
List the prime factors of 6248.
2, 11, 71
What are the prime factors of 5408?
2, 13
What are the prime factors of 81453?
3, 19, 1429
List the prime factors of 1007.
19, 53
What are the prime factors of 68693?
73, 941
What are the prime factors of 27238?
2, 13619
List the prime factors of 92581.
92581
List the prime factors of 28061.
11, 2551
List the prime factors of 113.
113
What are the prime factors of 633?
3, 211
List the prime factors of 1092.
2, 3, 7, 13
What are the prime factors of 7998?
2, 3, 31, 43
What are the prime factors of 2223?
3, 13, 19
What are the prime factors of 5999?
7, 857
What are the prime factors of 2220?
2, 3, 5, 37
What are the prime factors of 4091?
4091
What are the prime factors of 38624?
2, 17, 71
List the prime factors of 253.
11, 23
List the prime factors of 3290.
2, 5, 7, 47
List the prime factors of 90549.
3, 10061
List the prime factors of 7881.
3, 37, 71
List the prime factors of 1715.
5, 7
List the prime factors of 65954.
2, 7, 673
List the prime factors of 6480.
2, 3, 5
List the prime factors of 1607.
1607
List the prime factors of 45951.
3, 17, 53
List the prime factors of 45516.
2, 3, 3793
What are the prime factors of 1397?
11, 127
List the prime factors of 5314.
2, 2657
List the prime factors of 62369.
47, 1327
List the prime factors of 3247.
17, 191
What are the prime factors of 2253?
3, 751
List the prime factors of 507.
3, 13
What are the prime factors of 6708?
2, 3, 13, 43
What are the prime factors of 21296?
2, 11
What are the prime factors of 17673?
3, 43, 137
What are the prime factors of 277?
277
What are the prime factors of 10560?
2, 3, 5, 11
List the prime factors of 17448.
2, 3, 727
What are the prime factors of 264?
2, 3, 11
What are the prime factors of 9161?
9161
List the prime factors of 50143.
41, 1223
List the prime factors of 14217.
3, 7, 677
List the prime factors of 25028.
2, 6257
What are the prime factors of 377?
13, 29
List the prime factors of 17612.
2, 7, 17, 37
List the prime factors of 1619.
1619
What are the prime factors of 1758?
2, 3, 293
List the prime factors of 14943.
3, 17, 293
What are the prime factors of 37047?
3, 53, 233
What are the prime factors of 24749?
24749
What are the prime factors of 24479?
7, 13, 269
What are the prime factors of 4404?
2, 3, 367
List the prime factors of 6079.
6079
What are the prime factors of 79476?
2, 3, 37, 179
List the prime factors of 1467.
3, 163
List the prime factors of 6697.
37, 181
What are the prime factors of 11291?
7, 1613
What are the prime factors of 85033?
13, 31, 211
List the prime factors of 2487.
3, 829
List the prime factors of 472.
2, 59
List the prime factors of 396.
2, 3, 11
What are the prime factors of 7450?
2, 5, 149
What are the prime factors of 8237?
8237
What are the prime factors of 264?
2, 3, 11
What are the prime factors of 1199?
11, 109
What are the prime factors of 67?
67
What are the prime factors of 684?
2, 3, 19
List the prime factors of 567.
3, 7
List the prime factors of 1427.
1427
List the prime factors of 110386.
2, 97, 569
List the prime factors of 35458.
2, 17729
What are the prime factors of 4116?
2, 3, 7
What are the prime factors of 1061?
1061
List the prime factors of 225.
3, 5
What are the prime factors of 30?
2, 3, 5
What are the prime factors of 7930?
2, 5, 13, 61
List the prime factors of 836.
2, 11, 19
List the prime factors of 40653.
3, 4517
What are the prime factors of 6533?
47, 139
What are the prime factors of 1537?
29, 53
List the prime factors of 753.
3, 251
What are the prime factors of 60859?
60859
List the prime factors of 806.
2, 13, 31
What are the prime factors of 28282?
2, 79, 179
What are the prime factors of 13748?
2, 7, 491
List the prime factors of 170444.
2, 42611
What are the prime factors of 31634?
2, 15817
What are the prime factors of 23048?
2, 43, 67
What are the prime factors of 1120?
2, 5, 7
What are the prime factors of 3130?
2, 5, 313
What are the prime factors of 1817?
23, 79
What are the prime factors of 20612?
2, 5153
What are the prime factors of 665?
5, 7, 19
List the prime factors of 6191.
41, 151
List the prime factors of 22780.
2, 5, 17, 67
List the prime factors of 1325.
5, 53
List the prime factors of 2686.
2, 17, 79
What are the prime factors of 924?
2, 3, 7, 11
What are the prime factors of 32386?
2, 16193
List the prime factors of 8672.
2, 271
What are the prime factors of 5099?
5099
What are the prime factors of 1557?
3, 173
List the prime factors of 74040.
2, 3, 5, 617
List the prime factors of 1759.
1759
List the prime factors of 746.
2, 373
What are the prime factors of 2896?
2, 181
List the prime factors of 81436.
2, 20359
List the prime factors of 1578.
2, 3, 263
List the prime factors of 38821.
38821
List the prime factors of 3369.
3, 1123
What are the prime factors of 66404?
2, 13, 1277
List the prime factors of 8211.
3, 7, 17, 23
What are the prime factors of 132265?
5, 7, 3779
List the prime factors of 7060.
2, 5, 353
What are the prime factors of 67562?
2, 11, 37, 83
List the prime factors of 1147.
31, 37
List the prime factors of 56.
2, 7
List the prime factors of 4.
2
List the prime factors of 1327.
1327
List the prime factors of 5091.
3, 1697
What are the prime factors of 715?
5, 11, 13
List the prime factors of 28.
2, 7
List the prime factors of 6149.
11, 13, 43
What are the prime factors of 577?
577
What are the prime factors of 12124?
2, 7, 433
What are the prime factors of 1155?
3, 5, 7, 11
What are the prime factors of 14481?
3, 1609
What are the prime factors of 2289?
3, 7, 109
What are the prime factors of 6566?
2, 7, 67
List the prime factors of 10249.
37, 277
What are the prime factors of 57730?
2, 5, 23, 251
What are the prime factors of 21770?
2, 5, 7, 311
What are the prime factors of 114970?
2, 5, 11497
List the prime factors of 146.
2, 73
List the prime factors of 9372.
2, 3, 11, 71
What are the prime factors of 65779?
7, 9397
What are the prime factors of 93978?
2, 3, 23, 227
What are the prime factors of 4958?
2, 37, 67
What are the prime factors of 13423?
31, 433
What are the prime factors of 62792?
2, 47, 167
List the prime factors of 643.
643
What are the prime factors of 23030?
2, 5, 7, 47
List the pri